?
True
Is 37266495767 a prime number?
True
Is 1802324777 composite?
True
Is 35935148729 composite?
True
Is 17919395839 composite?
False
Is 4671613811 prime?
False
Is 2277151346 composite?
True
Is 4861648471 a prime number?
False
Is 2042189357 a prime number?
False
Is 666954899 a prime number?
False
Is 1036468289 composite?
True
Is 118169234 a prime number?
False
Is 3910206857 a composite number?
False
Is 21133213 composite?
False
Is 520317187 composite?
True
Is 12829744283 composite?
False
Is 1392768974 composite?
True
Is 382448713 a prime number?
True
Is 1912644467 a prime number?
False
Is 128585400259 a prime number?
True
Is 754590873 composite?
True
Is 1674110659 a prime number?
False
Is 420799529 prime?
True
Is 565872241 a composite number?
True
Is 962720259 a prime number?
False
Is 63455625791 composite?
False
Is 525166583 a prime number?
False
Is 378222161 a composite number?
False
Is 1024482229 a composite number?
True
Is 14262015991 a prime number?
True
Is 6382447499 a prime number?
False
Is 15764662879 a prime number?
False
Is 42266729629 a prime number?
False
Is 28940967511 a prime number?
True
Is 797071897 prime?
True
Is 53494827329 a composite number?
False
Is 109907590853 a prime number?
False
Is 8377639849 a prime number?
True
Is 10057299101 a prime number?
False
Is 4743236843 a composite number?
False
Is 107061413 a composite number?
False
Is 837007849 a prime number?
True
Is 16135956677 a prime number?
True
Is 3480368695 a composite number?
True
Is 9848098859 a prime number?
True
Is 849323227 a composite number?
False
Is 29263520357 composite?
False
Is 353347357 prime?
False
Is 4702934377 prime?
True
Is 7223498833 a composite number?
True
Is 1302379087 composite?
False
Is 94294123367 a composite number?
False
Is 588792509 prime?
True
Is 161797618193 composite?
True
Is 794115643 composite?
False
Is 48846625595 composite?
True
Is 23242279083 a composite number?
True
Is 22665823 prime?
True
Is 25810625861 a prime number?
True
Is 2147318629 a composite number?
True
Is 1251020369 a composite number?
False
Is 237900202 prime?
False
Is 20641273277 a prime number?
True
Is 29119559129 prime?
False
Is 148125331 composite?
False
Is 4787569411 composite?
False
Is 4785171663 a composite number?
True
Is 122821533007 prime?
True
Is 733556713 composite?
True
Is 29923963 a prime number?
True
Is 88363017947 a composite number?
False
Is 150022871 a prime number?
False
Is 25529870401 prime?
False
Is 7985317289 a prime number?
False
Is 870084407 composite?
False
Is 191211221 a composite number?
False
Is 67401384971 prime?
False
Is 10738557311 composite?
True
Is 6472020707 a composite number?
True
Is 23554683517 prime?
True
Is 7119874573 composite?
True
Is 25974718669 a prime number?
True
Is 1098395197 prime?
False
Is 2042257171 prime?
True
Is 9844654427 a prime number?
True
Is 41786308979 a prime number?
True
Is 147095993 a composite number?
True
Is 319116108433 composite?
False
Is 2757100991 a prime number?
False
Is 8958308783 prime?
True
Is 983818769 a composite number?
True
Is 2860656899 a prime number?
False
Is 124810287479 a prime number?
True
Is 3072990701 a composite number?
True
Is 73493418503 a composite number?
True
Is 56663272319 a prime number?
True
Is 640176149 a composite number?
False
Is 18899824819 a composite number?
True
Is 70052994989 a prime number?
True
Is 551403757 a composite number?
True
Is 280352993 a prime number?
False
Is 31827739 a prime number?
True
Is 488103877 prime?
False
Is 134146632029 a prime number?
True
Is 703575427 a prime number?
True
Is 770027023 a prime number?
True
Is 8242643723 a composite number?
True
Is 192979151 a prime number?
True
Is 213292007 prime?
True
Is 1475555837 composite?
True
Is 4292300071 prime?
True
Is 9986729637 a prime number?
False
Is 922964261 composite?
False
Is 23876508103 composite?
True
Is 8339159 prime?
True
Is 3452706979 prime?
True
Is 32191545611 prime?
True
Is 31500205613 prime?
False
Is 1367101454 a prime number?
False
Is 306237577 composite?
False
Is 6019566661 a prime number?
True
Is 563637391 a prime number?
False
Is 461689201 a prime number?
False
Is 35719830611 prime?
False
Is 4823331937 prime?
False
Is 1065321731 a composite number?
True
Is 38793728653 a composite number?
False
Is 24930144039 a composite number?
True
Is 58047387119 a composite number?
True
Is 143835020287 composite?
True
Is 431458939 a composite number?
True
Is 317400637 prime?
True
Is 55937643583 composite?
False
Is 2648509477 composite?
True
Is 3767048533 composite?
False
Is 36964071451 composite?
False
Is 327527621 a composite number?
False
Is 3699734657 a prime number?
True
Is 3465040049 prime?
False
Is 1043627567 a composite number?
False
Is 2855636929 composite?
True
Is 37420924799 a prime number?
True
Is 21970519393 a prime number?
False
Is 8896775389 composite?
False
Is 11074553278 prime?
False
Is 20732096353 composite?
True
Is 22293064127 a composite number?
False
Is 12758349893 a prime number?
True
Is 2683971077 a prime number?
True
Is 571689067 a prime number?
False
Is 16065503534 composite?
True
Is 352976891 prime?
True
Is 144064399 composite?
True
Is 704947987 prime?
True
Is 171063049 a prime number?
True
Is 29069102695 prime?
False
Is 368432168479 a composite number?
False
Is 54656179657 composite?
False
Is 16854393715 a composite number?
True
Is 798773821 a prime number?
True
Is 2169838079 a prime number?
False
Is 5206701481 a prime number?
True
Is 7369112783 composite?
False
Is 2319850097 composite?
False
Is 236694257 composite?
False
Is 430443539 a composite number?
False
Is 558171857 composite?
False
Is 19661014619 a prime number?
True
Is 319833091 prime?
True
Is 898839853 composite?
True
Is 3698145559 prime?
True
Is 27780357581 a composite number?
False
Is 3903426323 a composite number?
True
Is 437559623 prime?
True
Is 25240716889 a prime number?
True
Is 2375881517 composite?
True
Is 15414983 a composite number?
False
Is 3601288563 a prime number?
False
Is 1539537059 a prime number?
True
Is 27617657401 composite?
True
Is 22177863559 composite?
False
Is 91165187 a composite number?
False
Is 1557361433 prime?
True
Is 189641459509 a composite number?
False
Is 4640764607 prime?
False
Is 4924757245 a prime number?
False
Is 9131163817 a prime number?
True
Is 95877701 a composite number?
False
Is 384467779 a prime number?
True
Is 9713139259 composite?
False
Is 26489499839 a composite number?
True
Is 6013134142 prime?
False
Is 545257751 composite?
False
Is 799833143 prime?
True
Is 27757284353 prime?
False
Is 9015302069 a composite number?
False
Is 14103760921 prime?
True
Is 7118621399 composite?
True
Is 45175524641 prime?
False
Is 537038529 a composite number?
True
Is 8155942822 a composite number?
True
Is 16325642153 a composite number?
True
Is 26243311 a prime number?
False
Is 1446450277 prime?
True
Is 363352217 prime?
True
Is 1685785271 prime?
False
Is 559125829 a prime number?
False
Is 215918039 a composite number?
False
Is 7375957843 a composite number?
False
Is 10361248033 a composite number?
True
Is 20907456499 a prime number?
True
Is 10351973869 a composite number?
False
Is 19064544437 a prime number?
False
Is 66174361 a composite number?
True
Is 16815746165 a prime number?
False
Is 1051698761 a composite number?
True
Is 5225839 a composite number?
False
Is 512320393 prime?
False
Is 63200633 composite?
False
Is 11417865619 a prime number?
False
Is 38935231 a prime number?
False
Is 752027077 a prime number?
True
Is 686041843 a prime number?
True
Is 10116579259 a prime number?
True
Is 4640043059 prime?
True
Is 6217727587 a prime number?
True
Is 116901781 a prime number?
False
Is 394976747 a composite number?
True
Is 699742033 a prime number?
True
Is 30874106 prime?
False
Is 44871000371 a prime number?
True
Is 14427245883 composite?
True
Is 3107694133 a prime number?
True
Is 30682975641 a composite number?
True
Is 5325926677 composite?
False
Is 56141607097 a composite number?
True
Is 135680833 prime?
True
Is 348779129 a composite number?
True
Is 81276593 a composite number?
False
Is 577634539 composite?
False
Is 194574869 composite?
False
Is 16518147407 prime?
True
Is 101608015933 prime?
True
Is 4564797478 a prime number?
False
Is 730972421 a composite number?
True
Is 4949923451 a pri